a9b2 (base 14) to base 12.
33280
What is -42305254 (base 6) in base 2?
-100101110001001000010
What is -159a4b (base 12) in base 5?
-43311223
Convert 10111121121001 (base 3) to base 15.
26bbd4
-3533012 (base 6) to base 15
-39512
Convert 201010 (base 3) to base 4.
20010
111111011000101011110 (base 2) to base 3
10220112010202
-1234223200 (base 5) to base 11
-1796417
-19b33 (base 15) to base 11
-57830
What is -338b4 (base 12) in base 10?
-68680
What is 10032236 (base 9) in base 12?
1738329
What is -1b161 (base 12) in base 16?
-9c19
What is -317617 (base 10) in base 8?
-1154261
1001010011001000 (base 2) to base 16
94c8
221568 (base 13) to base 12
328730
Convert 21001221111 (base 4) to base 12.
961299
What is 824a4 (base 11) in base 13?
42a48
-41231151 (base 6) to base 4
-10201211023
Convert 3030340022 (base 5) to base 11.
34a028a
Convert -448720 (base 12) to base 13.
-2c372a
-311210313 (base 5) to base 3
-2101122122201
-233243 (base 6) to base 3
-1000200200
2221122111 (base 3) to base 15
1230d
-301198 (base 15) to base 10
-2281868
What is -138b5 (base 13) in base 6?
-441404
Convert -12005420 (base 7) to base 12.
-431a52
What is -12203112 (base 6) in base 8?
-1370564
What is -210211102011 (base 3) in base 4?
-1220321302
What is 38b224 (base 12) in base 4?
3203131330
Convert e4dc (base 15) to base 14.
138a1
What is -11222120330 (base 4) in base 15?
-1e4c18
Convert -352024 (base 7) to base 12.
-3064a
-5004415 (base 6) to base 2
-111001001100111011
103116146 (base 7) to base 14
b5b3cd
Convert 11100111221001 (base 3) to base 2.
1000110100101101101000
2145560 (base 7) to base 6
5352515
What is 1241223053 (base 6) in base 12?
4a91a89
What is 1236152 (base 7) in base 11?
aa73a
1d10ec (base 16) to base 7
22122401
What is -2432b5 (base 13) in base 15?
-120e8c
What is -13241 (base 13) in base 12?
-1869b
-1333100321 (base 4) to base 3
-222111001102
2110012211101 (base 3) to base 7
14035534
What is 4151353 (base 6) in base 3?
101020001020
Convert -2240123124 (base 5) to base 13.
-106301a
-201161 (base 8) to base 15
-1490b
What is -4b1b86 (base 12) in base 8?
-4534126
What is 13536 (base 8) in base 3?
22012120
-12261 (base 8) to base 11
-3a86
What is 4429a2 (base 12) in base 13?
2bc01c
b5969e (base 15) to base 2
100000111100111010101100
Convert -12012202002011 (base 3) to base 10.
-2770258
-1bc0fb (base 16) to base 15
-25ddd5
What is -599262 (base 14) in base 12?
-1036a32
12aa0 (base 15) to base 13
21291
What is 6c40 (base 14) in base 11?
131a7
Convert 1501b2 (base 14) to base 16.
b2490
What is -244133 (base 10) in base 13?
-87176
Convert -116162522 (base 7) to base 2.
-11011111100101010111110
-7cd09 (base 14) to base 2
-1001010010100001101
What is -102112021110012 (base 3) in base 14?
-b56b5b
What is 323402404 (base 5) in base 4?
11102311032
Convert -1141411411 (base 6) to base 4.
-301123030333
What is -482304 (base 9) in base 12?
-120071
-107580 (base 14) to base 15
-b0584
Convert -132a4 (base 13) to base 12.
-18748
-11210100010200 (base 3) to base 4
-21231201213
Convert -632142 (base 7) to base 10.
-108810
What is -2111308 (base 10) in base 2?
-1000000011011101001100
What is -430341 (base 15) in base 6?
-152213011
-383734 (base 10) to base 14
-9dbb8
What is -726a43 (base 12) in base 16?
-1b6453
Convert -10010101011101001001100 (base 2) to base 9.
-10183816
-450623 (base 7) to base 6
-1412132
-443918 (base 11) to base 15
-deb14
16a7 (base 15) to base 9
6624
7001747 (base 8) to base 3
10110021112021
What is -73909 (base 14) in base 3?
-112011121021
What is -60a25a (base 11) in base 4?
-3233033103
What is 17170631 (base 8) in base 9?
7456667
-8ab605 (base 12) to base 10
-2217893
Convert -1aa1b4 (base 13) to base 7.
-5526100
Convert -10101110001011010000011 (base 2) to base 15.
-77b130
Convert -161480 (base 11) to base 2.
-111101001110110000
-1bdc (base 15) to base 9
-8270
What is -28787835 (base 9) in base 6?
-1230133052
39543 (base 11) to base 9
85517
Convert -111112122020212 (base 3) to base 5.
-3320244443
What is 124c8 (base 14) in base 6?
543412
What is -11120101222 (base 3) in base 9?
-146358
-1031112103 (base 4) to base 16
-4d593
Convert -b9c41c (base 13) to base 15.
-5b44c7
-2a545 (base 13) to base 10
-79994
What is -251450153 (base 6) in base 4?
-102132123111
-1020113213 (base 4) to base 9
-501548
Convert -1548014 (base 9) to base 13.
-240b68
What is 98aa4 (base 14) in base 15?
74885
What is -42502543 (base 8) in base 12?
-3059657
-1569b3 (base 13) to base 4
-2001020303
What is -a60904 (base 11) in base 2?
-110011110111001111001
-1a11f2 (base 16) to base 11
-a6770a
-168ca3 (base 14) to base 13
-219ac1
128743 (base 10) to base 13
467a4
43552311 (base 6) to base 14
25db47
Convert -100011111011101100111 (base 2) to base 15.
-183d17
-1152112 (base 6) to base 16
-efcc
What is -2a4db (base 14) in base 12?
-50aa9
1017808 (base 9) to base 11
341599
Convert -223448 (base 14) to base 13.
-31891a
-3a4684 (base 16) to base 6
-213505112
What is -1560be (base 15) in base 7?
-11531312
1030203344 (base 5) to base 13
5ba976
Convert 7383c (base 14) to base 9.
464350
Convert -1786373 (base 10) to base 4.
-12310020011
Convert 2114102 (base 6) to base 8.
311566
298119 (base 11) to base 5
104332120
3597 (base 14) to base 15
2b80
Convert 2519233 (base 10) to base 5.
1121103413
Convert -4aaa4c (base 13) to base 6.
-102243522
Convert -3fb9b4 (base 16) to base 13.
-b32bb6
What is 30030033 (base 5) in base 8?
715354
151044255 (base 6) to base 9
5803388
What is -220e5 (base 15) in base 7?
-630332
2257165 (base 8) to base 4
2111321311
Convert -5733c (base 16) to base 15.
-70c70
-1034115 (base 8) to base 7
-2231201
What is -2289b9 (base 15) in base 8?
-6225057
159ff8 (base 16) to base 14
28c692
-211022211201 (base 3) to base 10
-439471
-894840 (base 12) to base 10
-2185392
-2c67b (base 14) to base 9
-178283
21b392 (base 12) to base 8
2032536
What is 11210110120100 (base 3) in base 8?
11561055
Convert -6625 (base 12) to base 15.
-350b
Convert 20215 (base 11) to base 6.
344432
Convert -962093 (base 10) to base 7.
-11114636
596578 (base 11) to base 16
e6e24
Convert 1043300 (base 5) to base 4.
10202033
Convert 6040221 (base 7) to base 13.
1c0950
120200561 (base 7) to base 11
422614a
Convert -1222442304 (base 5) to base 11.
-1726846
What is -1654415 (base 7) in base 5?
-24411301
Convert 11233103123 (base 4) to base 10.
1504475
bcb1c (base 15) to base 3
1010110212200
Convert -a4a531 (base 12) to base 4.
-21320021311
What is -8136a (base 12) in base 6?
-3334214
Convert 1880153 (base 9) to base 15.
15d050
-317cb5c (base 13) to base 15
-14cd1ec
What is 111101010101010011111 (base 2) in base 13?
554a0b
Convert 40021 (base 6) to base 3.
21010111
Convert -233142 (base 9) to base 16.
-22337
Convert -251036 (base 7) to base 12.
-22745
-11130233121 (base 4) to base 11
-896233
-567435 (base 10) to base 3
-1001211101010
What is 7147a2 (base 12) in base 10?
1770602
1a6305 (base 15) to base 16
13a19b
39459 (base 10) to base 5
2230314
What is -35828 (base 12) in base 3?
-10122210212
Convert -212111011102 (base 3) to base 15.
-91ea5
What is 396aa (base 11) in base 12?
28a10
What is -2374510 (base 8) in base 14?
-1302c8
Convert -5161675 (base 10) to base 9.
-10636434
623c79 (base 14) to base 4
30221030203
1412222 (base 6) to base 7
450665
What is 141132 (base 8) in base 12?
24962
What is -90315 (base 10) in base 2?
-10110000011001011
What is -6cd1 (base 16) in base 5?
-1342412
What is 5405144 (base 7) in base 5?
132013034
What is 1036214 (base 9) in base 11?
34a538
Convert 5126 (base 10) to base 9.
7025
Convert 211121233310 (base 4) to base 10.
9804788
Convert 25495a0 (base 11) to base 7.
52365143
Convert -116b3c (base 14) to base 4.
-2101033202
Convert -3003001223 (base 4) to base 3.
-1111120210012
-228117 (base 9) to base 10
-137149
Convert -70a214 (base 12) to base 14.
-33b280
What is 5289b (base 12) in base 8?
323567
Convert 42c017 (base 14) to base 4.
20220001111
Convert -10101101010111 (base 2) to base 4.
-2231113
What is -300528 (base 9) in base 13?
-62a9b
-356688 (base 13) to base 12
-513640
What is -32364523 (base 7) in base 4?
-22210312210
What is b1ab7 (base 12) in base 5?
24401103
What is -14411706 (base 8) in base 5?
-1320004422
-2375317 (base 10) to base 15
-31dbe7
Convert 2652241 (base